{"id":50,"date":"2018-01-28T20:45:27","date_gmt":"2018-01-28T19:45:27","guid":{"rendered":"http:\/\/localhost\/wordpress\/?page_id=50"},"modified":"2020-01-05T18:58:45","modified_gmt":"2020-01-05T17:58:45","slug":"o-nas","status":"publish","type":"page","link":"https:\/\/ksiegujtanio.pl\/?page_id=50","title":{"rendered":"O nas"},"content":{"rendered":"\n<div class=\"wp-container-1 wp-block-group\"><div class=\"wp-block-group__inner-container\">\n<p style=\"text-align: center;\">Na rynku nasze biuro dzia\u0142a ju\u017c od 2017 roku.<\/p>\n<p style=\"text-align: center;\">\u015awiadczymy us\u0142ugi z zakresu obs\u0142ugi ksi\u0119gowej oraz kadrowo-p\u0142acowej.<\/p>\n<p style=\"text-align: center;\">Nasza oferta jest skierowana do sektora ma\u0142ych i \u015brednich przedsi\u0119biorstw.<\/p>\n<p style=\"text-align: center;\">Do ka\u017cdego z naszych klient\u00f3w podchodzimy indywidualnie dzi\u0119ki czemu mo\u017cemy wypracowa\u0107 jak najlepszy model wsp\u00f3\u0142pracy.<\/p>\n<p style=\"text-align: center;\">Nasze us\u0142ugi s\u0105 skierowane r\u00f3wnie\u017c do os\u00f3b, kt\u00f3re z powodu wykonywania swoich obowi\u0105zk\u00f3w maj\u0105 zbyt ma\u0142o czasu na spotkania w sprawach rachunkowych swoich firm w standardowych godzinach pracy.<\/p>\n<p style=\"text-align: center;\">W\u0142a\u015bnie dla takich os\u00f3b oferujemy obs\u0142ug\u0119 w godzinach popo\u0142udniowych, wieczornych oraz w weekendy.<\/p>\n<p style=\"text-align: center;\">Aby wyj\u015b\u0107 na przeciw Pa\u0144stwa oczekiwaniom ca\u0142y czas pog\u0142\u0119biamy i aktualniamy nasz\u0105 wiedz\u0119, dzi\u0119ki czemu nasza wsp\u00f3\u0142praca odbywa si\u0119 w spos\u00f3b profesjonalny i efektywny.<\/p>\n<p style=\"text-align: center;\">Wybieraj\u0105c nasze biuro maj\u0105 Pa\u0144stwo gwarancj\u0119 indywidualnego podej\u015bcia oraz wybrania modelu wsp\u00f3\u0142pracy najbardziej dopasowanego do Pa\u0144stwa preferencji.<\/p>\n<p>\u00a0<\/p>\n<p style=\"text-align: center;\"><strong>ZAPRASZAMY<\/strong><\/p>\n<p style=\"text-align: center;\">\u00a0<\/p>\n<p style=\"text-align: center;\">\u00a0<\/p>\n<\/div><\/div>\n","protected":false},"excerpt":{"rendered":"<p>Na rynku nasze biuro dzia\u0142a ju\u017c od 2017 roku. \u015awiadczymy us\u0142ugi z zakresu obs\u0142ugi ksi\u0119gowej oraz kadrowo-p\u0142acowej. Nasza oferta jest skierowana do sektora ma\u0142ych i \u015brednich przedsi\u0119biorstw. Do ka\u017cdego z naszych klient\u00f3w podchodzimy indywidualnie dzi\u0119ki czemu mo\u017cemy wypracowa\u0107 jak najlepszy model wsp\u00f3\u0142pracy. Nasze us\u0142ugi s\u0105 skierowane r\u00f3wnie\u017c do os\u00f3b, kt\u00f3re z powodu wykonywania swoich obowi\u0105zk\u00f3w [&hellip;]<\/p>\n","protected":false},"author":2,"featured_media":47,"parent":0,"menu_order":0,"comment_status":"closed","ping_status":"closed","template":"","meta":{"_monsterinsights_skip_tracking":false,"_monsterinsights_sitenote_active":false,"_monsterinsights_sitenote_note":"","_monsterinsights_sitenote_category":0},"yoast_head":"<!-- This site is optimized with the Yoast SEO plugin v15.7 - https:\/\/yoast.com\/wordpress\/plugins\/seo\/ -->\n<title>O nas - ITTAX24 - KsiegujTanio.pl<\/title>\n<meta name=\"description\" content=\"Biuro Rachunkowe - Profesjonalne, indywidualne podej\u015bcie, mi\u0142a atmosfera oraz niskie ceny. Ksi\u0119gi Rachunkowe, KPiR, Rycza\u0142t, PIT, CIT, VAT\" \/>\n<meta name=\"robots\" content=\"index, follow, max-snippet:-1, max-image-preview:large, max-video-preview:-1\" \/>\n<link rel=\"canonical\" href=\"https:\/\/ksiegujtanio.pl\/?page_id=50\" \/>\n<meta property=\"og:locale\" content=\"pl_PL\" \/>\n<meta property=\"og:type\" content=\"article\" \/>\n<meta property=\"og:title\" content=\"O nas - ITTAX24 - KsiegujTanio.pl\" \/>\n<meta property=\"og:description\" content=\"Biuro Rachunkowe - Profesjonalne, indywidualne podej\u015bcie, mi\u0142a atmosfera oraz niskie ceny. Ksi\u0119gi Rachunkowe, KPiR, Rycza\u0142t, PIT, CIT, VAT\" \/>\n<meta property=\"og:url\" content=\"https:\/\/ksiegujtanio.pl\/?page_id=50\" \/>\n<meta property=\"og:site_name\" content=\"ITTAX24 - KsiegujTanio.pl\" \/>\n<meta property=\"article:publisher\" content=\"https:\/\/www.facebook.com\/ITTAX24\/\" \/>\n<meta property=\"article:modified_time\" content=\"2020-01-05T17:58:45+00:00\" \/>\n<meta name=\"twitter:card\" content=\"summary_large_image\" \/>\n<meta name=\"twitter:label1\" content=\"Est. reading time\">\n\t<meta name=\"twitter:data1\" content=\"1 minuta\">\n<script type=\"application\/ld+json\" class=\"yoast-schema-graph\">{\"@context\":\"https:\/\/schema.org\",\"@graph\":[{\"@type\":\"WebSite\",\"@id\":\"https:\/\/ksiegujtanio.pl\/#website\",\"url\":\"https:\/\/ksiegujtanio.pl\/\",\"name\":\"ITTAX24 - KsiegujTanio.pl\",\"description\":\"Biuro Rachunkowe\",\"potentialAction\":[{\"@type\":\"SearchAction\",\"target\":\"https:\/\/ksiegujtanio.pl\/?s={search_term_string}\",\"query-input\":\"required name=search_term_string\"}],\"inLanguage\":\"pl-PL\"},{\"@type\":\"ImageObject\",\"@id\":\"https:\/\/ksiegujtanio.pl\/?page_id=50#primaryimage\",\"inLanguage\":\"pl-PL\",\"url\":\"\"},{\"@type\":\"WebPage\",\"@id\":\"https:\/\/ksiegujtanio.pl\/?page_id=50#webpage\",\"url\":\"https:\/\/ksiegujtanio.pl\/?page_id=50\",\"name\":\"O nas - ITTAX24 - KsiegujTanio.pl\",\"isPartOf\":{\"@id\":\"https:\/\/ksiegujtanio.pl\/#website\"},\"primaryImageOfPage\":{\"@id\":\"https:\/\/ksiegujtanio.pl\/?page_id=50#primaryimage\"},\"datePublished\":\"2018-01-28T19:45:27+00:00\",\"dateModified\":\"2020-01-05T17:58:45+00:00\",\"description\":\"Biuro Rachunkowe - Profesjonalne, indywidualne podej\\u015bcie, mi\\u0142a atmosfera oraz niskie ceny. Ksi\\u0119gi Rachunkowe, KPiR, Rycza\\u0142t, PIT, CIT, VAT\",\"inLanguage\":\"pl-PL\",\"potentialAction\":[{\"@type\":\"ReadAction\",\"target\":[\"https:\/\/ksiegujtanio.pl\/?page_id=50\"]}]}]}<\/script>\n<!-- \/ Yoast SEO plugin. -->","_links":{"self":[{"href":"https:\/\/ksiegujtanio.pl\/index.php?rest_route=\/wp\/v2\/pages\/50"}],"collection":[{"href":"https:\/\/ksiegujtanio.pl\/index.php?rest_route=\/wp\/v2\/pages"}],"about":[{"href":"https:\/\/ksiegujtanio.pl\/index.php?rest_route=\/wp\/v2\/types\/page"}],"author":[{"embeddable":true,"href":"https:\/\/ksiegujtanio.pl\/index.php?rest_route=\/wp\/v2\/users\/2"}],"replies":[{"embeddable":true,"href":"https:\/\/ksiegujtanio.pl\/index.php?rest_route=%2Fwp%2Fv2%2Fcomments&post=50"}],"version-history":[{"count":20,"href":"https:\/\/ksiegujtanio.pl\/index.php?rest_route=\/wp\/v2\/pages\/50\/revisions"}],"predecessor-version":[{"id":244,"href":"https:\/\/ksiegujtanio.pl\/index.php?rest_route=\/wp\/v2\/pages\/50\/revisions\/244"}],"wp:featuredmedia":[{"embeddable":true,"href":"https:\/\/ksiegujtanio.pl\/index.php?rest_route=\/"}],"wp:attachment":[{"href":"https:\/\/ksiegujtanio.pl\/index.php?rest_route=%2Fwp%2Fv2%2Fmedia&parent=50"}],"curies":[{"name":"wp","href":"https:\/\/api.w.org\/{rel}","templated":true}]}}